54481 and 11568.
241
What is the highest common factor of 27603160 and 20?
20
What is the greatest common factor of 342 and 21816?
18
Calculate the highest common divisor of 87 and 48891.
3
Calculate the greatest common factor of 150753 and 93.
93
What is the greatest common factor of 17446 and 198?
22
Calculate the highest common divisor of 102287 and 878.
439
Calculate the greatest common factor of 6120 and 294984.
1224
Calculate the highest common factor of 700036 and 76.
76
What is the greatest common divisor of 493 and 172057?
493
What is the greatest common factor of 27482 and 2912?
182
What is the greatest common divisor of 25061 and 342?
19
Calculate the greatest common factor of 26709 and 6.
3
What is the highest common factor of 133 and 55879?
19
What is the highest common divisor of 319424 and 2139?
713
What is the greatest common factor of 3210 and 770?
10
Calculate the highest common divisor of 658310 and 30.
10
What is the highest common divisor of 87136 and 21?
7
What is the greatest common factor of 1340 and 1675?
335
Calculate the greatest common factor of 360 and 96885.
45
What is the greatest common factor of 801 and 3069432?
801
Calculate the greatest common factor of 8251 and 148.
37
Calculate the highest common divisor of 279 and 253301.
31
Calculate the highest common factor of 273341 and 122.
61
Calculate the highest common factor of 8152 and 2.
2
What is the highest common factor of 641876 and 1776?
148
What is the greatest common divisor of 3322 and 10?
2
Calculate the highest common factor of 1268057 and 5079.
1693
Calculate the highest common divisor of 2298 and 228.
6
Calculate the highest common factor of 195 and 330.
15
Calculate the highest common divisor of 100 and 868740.
20
Calculate the greatest common factor of 22625 and 47060.
905
Calculate the highest common divisor of 10234 and 488308.
1462
Calculate the highest common divisor of 357 and 276.
3
What is the highest common factor of 12133 and 407?
11
What is the greatest common divisor of 109242 and 510?
102
What is the highest common factor of 9 and 88240?
1
What is the highest common divisor of 148 and 19647?
37
What is the greatest common divisor of 1384169 and 1578?
263
Calculate the greatest common factor of 40 and 114248.
8
What is the greatest common divisor of 242 and 1045?
11
What is the greatest common divisor of 2232 and 369117?
279
What is the highest common divisor of 3878368 and 416?
416
Calculate the greatest common factor of 204 and 4368.
12
What is the greatest common factor of 10 and 655980?
10
What is the greatest common factor of 51 and 3366782?
17
What is the highest common factor of 516029 and 662?
331
What is the greatest common divisor of 19 and 35473?
19
What is the greatest common divisor of 3945 and 35?
5
Calculate the highest common factor of 973 and 34750.
139
Calculate the greatest common factor of 403 and 4797.
13
What is the greatest common divisor of 121400 and 1700?
100
Calculate the highest common factor of 245 and 515935.
35
What is the highest common divisor of 24336 and 9?
9
Calculate the highest common factor of 119805 and 12705.
105
What is the highest common divisor of 2541 and 21?
21
What is the highest common divisor of 3354 and 216462?
258
Calculate the greatest common factor of 738 and 610203.
123
What is the highest common factor of 231 and 271593?
21
Calculate the highest common divisor of 8 and 25119.
1
What is the greatest common divisor of 76 and 372742?
38
What is the highest common divisor of 13 and 177047?
13
What is the greatest common factor of 707 and 706697?
101
What is the greatest common divisor of 12 and 1532?
4
Calculate the highest common factor of 17820 and 1380.
60
Calculate the highest common factor of 2351844 and 396.
396
What is the highest common divisor of 1224 and 1169192?
136
What is the greatest common factor of 82 and 189010?
82
What is the greatest common divisor of 445026 and 170?
34
What is the highest common factor of 25084 and 8?
4
What is the greatest common divisor of 334 and 6080971?
167
What is the greatest common factor of 1036 and 71928?
148
Calculate the greatest common factor of 5425 and 7.
7
What is the highest common divisor of 138888 and 216?
216
Calculate the greatest common factor of 1680 and 19340.
20
What is the greatest common divisor of 27818 and 6804?
14
Calculate the greatest common factor of 135 and 1737.
9
What is the highest common factor of 32604 and 1045?
209
What is the greatest common factor of 70 and 284690?
70
What is the greatest common divisor of 5057 and 13?
13
What is the greatest common divisor of 1432 and 332?
4
Calculate the greatest common divisor of 328 and 104.
8
Calculate the greatest common factor of 160 and 114160.
80
What is the greatest common divisor of 23070 and 70?
10
What is the greatest common divisor of 12 and 29247?
3
What is the greatest common divisor of 1352648 and 1881?
209
What is the highest common factor of 2964 and 273?
39
What is the greatest common factor of 4057729 and 1599?
533
Calculate the greatest common factor of 2057 and 3740.
187
Calculate the highest common factor of 3128 and 87446.
46
Calculate the highest common factor of 748972 and 1288.
644
Calculate the greatest common factor of 2128581 and 1863.
207
What is the highest common factor of 71877 and 16302?
741
What is the greatest common divisor of 6601 and 1449?
161
Calculate the highest common divisor of 889 and 142240.
889
What is the greatest common divisor of 9797 and 24347?
97
What is the highest common factor of 21189 and 630?
21
Calculate the greatest common divisor of 1064259 and 567.
567
Calculate the highest common factor of 1265 and 20460.
55
What is the greatest common factor of 81 and 499527?
81
What is the greatest common factor of 195983 and 23?
23
Calculate the greatest common factor of 375354 and 18.
18
What is the highest common factor of 1465 and 2135?
5
Calculate the highest common factor of 181 and 3303431.
181
What is the greatest common divisor of 1197 and 132069?
399
Calculate the highest common divisor of 816724 and 292.
292
Calculate the greatest common divisor of 3033 and 4419.
9
Calculate the greatest common divisor of 77 and 77861.
7
Calculate the highest common factor of 27045 and 45.
45
Calculate the highest common divisor of 11160 and 4495.
155
What is the highest common divisor of 398382 and 40631?
991
What is the greatest common divisor of 264 and 439224?
24
What is the highest common factor of 11 and 572022?
11
Calculate the highest common factor of 36275 and 390319.
1451
What is the highest common divisor of 386269 and 4472?
559
Calculate the greatest common divisor of 37210 and 210.
10
Calculate the highest common divisor of 1069776 and 63.
9
What is the highest common factor of 618 and 138535?
103
What is the greatest common factor of 12304 and 2560?
16
What is the highest common divisor of 58 and 14558?
58
What is the greatest common factor of 42 and 76848?
6
What is the highest common factor of 112 and 4654832?
112
What is the greatest common divisor of 24273 and 5133?
87
What is the highest common factor of 3867338 and 652?
326
Calculate the greatest common divisor of 52 and 184812.
4
Calculate the greatest common divisor of 5120 and 22460.
20
Calculate the greatest common divisor of 65 and 88101.
13
Calculate the greatest common factor of 3478 and 188282.
94
Calculate the greatest common factor of 1575 and 63.
63
Calculate the highest common factor of 4055958 and 92.
46
What is the highest common divisor of 832 and 897?
13
Calculate the greatest common divisor of 59 and 6136413.
59
Calculate the highest common divisor of 33933 and 12.
3
What is the highest common divisor of 123 and 153996?
123
Calculate the highest common factor of 38161 and 124.
31
What is the highest common divisor of 2325 and 58249?
31
What is the highest common divisor of 10616437 and 13?
13
Calculate the highest common factor of 23997734 and 1174.
1174
What is the greatest common divisor of 798 and 36651?
57
What is the greatest common factor of 550 and 19750?
50
Calculate the highest common factor of 14535 and 570.
285
What is the greatest common factor of 2248 and 12952?
8
Calculate the greatest common divisor of 240 and 2454.
6
Calculate 